{"id":275,"date":"2021-09-16T12:54:33","date_gmt":"2021-09-16T12:54:33","guid":{"rendered":"http:\/\/www.penzionnabarokniceste.cz\/?page_id=275"},"modified":"2021-09-16T13:01:15","modified_gmt":"2021-09-16T13:01:15","slug":"faq","status":"publish","type":"page","link":"https:\/\/www.penzionnabarokniceste.cz\/index.php\/faq\/","title":{"rendered":"FAQ"},"content":{"rendered":"\t\t<div data-elementor-type=\"wp-page\" data-elementor-id=\"275\" class=\"elementor elementor-275\" data-elementor-settings=\"[]\">\n\t\t\t\t\t\t\t<div class=\"elementor-section-wrap\">\n\t\t\t\t\t\t\t<section class=\"elementor-section elementor-top-section elementor-element elementor-element-29a6ce0 elementor-section-boxed elementor-section-height-default elementor-section-height-default\" data-id=\"29a6ce0\" data-element_type=\"section\" data-settings=\"{&quot;background_background&quot;:&quot;classic&quot;}\">\n\t\t\t\t\t\t\t<div class=\"elementor-background-overlay\"><\/div>\n\t\t\t\t\t\t\t<div class=\"elementor-container elementor-column-gap-no\">\n\t\t\t\t\t<div class=\"elementor-column elementor-col-50 elementor-top-column elementor-element elementor-element-5802cda\" data-id=\"5802cda\" data-element_type=\"column\">\n\t\t\t<div class=\"elementor-widget-wrap elementor-element-populated\">\n\t\t\t\t\t\t\t\t<div class=\"elementor-element elementor-element-22b7a57e elementor-widget elementor-widget-heading\" data-id=\"22b7a57e\" data-element_type=\"widget\" data-widget_type=\"heading.default\">\n\t\t\t\t<div class=\"elementor-widget-container\">\n\t\t\t<h2 class=\"elementor-heading-title elementor-size-default\">FAQ<\/h2>\t\t<\/div>\n\t\t\t\t<\/div>\n\t\t\t\t<div class=\"elementor-element elementor-element-292fb4bf elementor-widget elementor-widget-text-editor\" data-id=\"292fb4bf\" data-element_type=\"widget\" data-widget_type=\"text-editor.default\">\n\t\t\t\t<div class=\"elementor-widget-container\">\n\t\t\t\t\t\t\t<p>Na Va\u0161e nej\u010dast\u011bj\u0161\u00ed dotazy, jsme se sna\u017eili n\u00ed\u017ee odpov\u011bd\u011bt. Pokud m\u00e1te jin\u00fd dotaz, kontaktujte n\u00e1s.<\/p>\t\t\t\t\t\t<\/div>\n\t\t\t\t<\/div>\n\t\t\t\t\t<\/div>\n\t\t<\/div>\n\t\t\t\t<div class=\"elementor-column elementor-col-50 elementor-top-column elementor-element elementor-element-493aafeb\" data-id=\"493aafeb\" data-element_type=\"column\">\n\t\t\t<div class=\"elementor-widget-wrap\">\n\t\t\t\t\t\t\t\t\t<\/div>\n\t\t<\/div>\n\t\t\t\t\t\t\t<\/div>\n\t\t<\/section>\n\t\t\t\t<section class=\"elementor-section elementor-top-section elementor-element elementor-element-28b1e43c elementor-section-boxed elementor-section-height-default elementor-section-height-default\" data-id=\"28b1e43c\" data-element_type=\"section\" data-settings=\"{&quot;background_background&quot;:&quot;classic&quot;}\">\n\t\t\t\t\t\t<div class=\"elementor-container elementor-column-gap-no\">\n\t\t\t\t\t<div class=\"elementor-column elementor-col-100 elementor-top-column elementor-element elementor-element-6d9f0eb9\" data-id=\"6d9f0eb9\" data-element_type=\"column\">\n\t\t\t<div class=\"elementor-widget-wrap elementor-element-populated\">\n\t\t\t\t\t\t\t\t<section class=\"elementor-section elementor-inner-section elementor-element elementor-element-6969ba64 elementor-section-content-middle elementor-section-boxed elementor-section-height-default elementor-section-height-default\" data-id=\"6969ba64\" data-element_type=\"section\">\n\t\t\t\t\t\t<div class=\"elementor-container elementor-column-gap-no\">\n\t\t\t\t\t<div class=\"elementor-column elementor-col-50 elementor-inner-column elementor-element elementor-element-6e0e56fa\" data-id=\"6e0e56fa\" data-element_type=\"column\">\n\t\t\t<div class=\"elementor-widget-wrap elementor-element-populated\">\n\t\t\t\t\t\t\t\t<div class=\"elementor-element elementor-element-4e143d18 elementor-widget elementor-widget-jkit_accordion\" data-id=\"4e143d18\" data-element_type=\"widget\" data-widget_type=\"jkit_accordion.default\">\n\t\t\t\t<div class=\"elementor-widget-container\">\n\t\t\t<div  class=\"jeg-elementor-kit jkit-accordion style-default jeg_module___69f2b4240263b\" ><div class=\"card-wrapper expand\">\n                <div class=\"card-header\">\n                    <a href=\"#expand-175cac7\" class=\"card-header-button\" aria-expanded=\"false\" data-target=\"#expand-175cac7\" aria-controls=\"expand-175cac7\">\n                        <div class=\"left-icon-group\">\n                <div class=\"normal-icon\"><i aria-hidden=\"true\" class=\"fas fa-chevron-right\"><\/i><\/div>\n                <div class=\"active-icon\"><i aria-hidden=\"true\" class=\"fas fa-chevron-up\"><\/i><\/div>\n            <\/div><span class=\"title\">Co se d\u00e1 v v okol\u00ed d\u011blat?<\/span>\n                    <\/a>\n                <\/div>\n                <div class=\"card-expand\" id=\"expand-175cac7\" style=\"display:block\"><div class=\"card-body\"><p>Ubytov\u00e1n\u00ed Penzion Na barokn\u00ed cest\u011b nab\u00edz\u00ed n\u00e1sleduj\u00edc\u00ed aktivity\/slu\u017eby (mohou b\u00fdt za poplatek):<\/p><p>\u00a0<\/p><ul><li>Sauna<\/li><li>Cyklistika<\/li><li>P\u011b\u0161\u00ed turistika<\/li><li>D\u011btsk\u00e9 h\u0159i\u0161t\u011b<\/li><li>Stoln\u00ed tenis<\/li><li>Tenisov\u00fd kurt<\/li><\/ul><\/div><\/div>\n            <\/div><div class=\"card-wrapper \">\n                <div class=\"card-header\">\n                    <a href=\"#expand-e6c40ee\" class=\"card-header-button\" aria-expanded=\"false\" data-target=\"#expand-e6c40ee\" aria-controls=\"expand-e6c40ee\">\n                        <div class=\"left-icon-group\">\n                <div class=\"normal-icon\"><i aria-hidden=\"true\" class=\"fas fa-chevron-right\"><\/i><\/div>\n                <div class=\"active-icon\"><i aria-hidden=\"true\" class=\"fas fa-chevron-up\"><\/i><\/div>\n            <\/div><span class=\"title\">Je ubytov\u00e1n\u00ed vhodn\u00e9 pro rodiny?<\/span>\n                    <\/a>\n                <\/div>\n                <div class=\"card-expand\" id=\"expand-e6c40ee\" style=\"display:none\"><div class=\"card-body\"><p>Ano, ubytov\u00e1n\u00ed Penzion Na barokn\u00ed cest\u011b je obl\u00edben\u00fdm m\u00edstem pro rodinn\u00e9 pobyty.<\/p><\/div><\/div>\n            <\/div><div class=\"card-wrapper \">\n                <div class=\"card-header\">\n                    <a href=\"#expand-2d2b0db\" class=\"card-header-button\" aria-expanded=\"false\" data-target=\"#expand-2d2b0db\" aria-controls=\"expand-2d2b0db\">\n                        <div class=\"left-icon-group\">\n                <div class=\"normal-icon\"><i aria-hidden=\"true\" class=\"fas fa-chevron-right\"><\/i><\/div>\n                <div class=\"active-icon\"><i aria-hidden=\"true\" class=\"fas fa-chevron-up\"><\/i><\/div>\n            <\/div><span class=\"title\">Jak se k V\u00e1m dostanu z nejbli\u017e\u0161\u00edho leti\u0161t\u011b?<\/span>\n                    <\/a>\n                <\/div>\n                <div class=\"card-expand\" id=\"expand-2d2b0db\" style=\"display:none\"><div class=\"card-body\"><p>Z nejbli\u017e\u0161\u00edho leti\u0161t\u011b do ubytov\u00e1n\u00ed Penzion Na barokn\u00ed cest\u011b se m\u016f\u017eete dostat t\u011bmito zp\u016fsoby:<\/p><p>\u00a0<\/p><ul><li>Leti\u0161tn\u00ed transfer (zaji\u0161t\u011bn\u00fd ubytov\u00e1n\u00edm) 1 h 30 min<\/li><\/ul><\/div><\/div>\n            <\/div><div class=\"card-wrapper \">\n                <div class=\"card-header\">\n                    <a href=\"#expand-685ac67\" class=\"card-header-button\" aria-expanded=\"false\" data-target=\"#expand-685ac67\" aria-controls=\"expand-685ac67\">\n                        <div class=\"left-icon-group\">\n                <div class=\"normal-icon\"><i aria-hidden=\"true\" class=\"fas fa-chevron-right\"><\/i><\/div>\n                <div class=\"active-icon\"><i aria-hidden=\"true\" class=\"fas fa-chevron-up\"><\/i><\/div>\n            <\/div><span class=\"title\">V kolik hodin je mo\u017en\u00e9 prov\u00e9st check-in a check-out?<\/span>\n                    <\/a>\n                <\/div>\n                <div class=\"card-expand\" id=\"expand-685ac67\" style=\"display:none\"><div class=\"card-body\"><p>Check-in je v ubytov\u00e1n\u00ed Penzion Na barokn\u00ed cest\u011b od 16:00 a check-out je do 10:00.<\/p><\/div><\/div>\n            <\/div><\/div>\t\t<\/div>\n\t\t\t\t<\/div>\n\t\t\t\t\t<\/div>\n\t\t<\/div>\n\t\t\t\t<div class=\"elementor-column elementor-col-50 elementor-inner-column elementor-element elementor-element-6949cb4c\" data-id=\"6949cb4c\" data-element_type=\"column\">\n\t\t\t<div class=\"elementor-widget-wrap elementor-element-populated\">\n\t\t\t\t\t\t\t\t<div class=\"elementor-element elementor-element-2e0e1f84 elementor-widget elementor-widget-jkit_accordion\" data-id=\"2e0e1f84\" data-element_type=\"widget\" data-widget_type=\"jkit_accordion.default\">\n\t\t\t\t<div class=\"elementor-widget-container\">\n\t\t\t<div  class=\"jeg-elementor-kit jkit-accordion style-default jeg_module__1_69f2b42403022\" ><div class=\"card-wrapper expand\">\n                <div class=\"card-header\">\n                    <a href=\"#expand-175cac7\" class=\"card-header-button\" aria-expanded=\"false\" data-target=\"#expand-175cac7\" aria-controls=\"expand-175cac7\">\n                        <div class=\"left-icon-group\">\n                <div class=\"normal-icon\"><i aria-hidden=\"true\" class=\"fas fa-chevron-right\"><\/i><\/div>\n                <div class=\"active-icon\"><i aria-hidden=\"true\" class=\"fas fa-chevron-up\"><\/i><\/div>\n            <\/div><span class=\"title\">Mohu u V\u00e1s zaparkovat?<\/span>\n                    <\/a>\n                <\/div>\n                <div class=\"card-expand\" id=\"expand-175cac7\" style=\"display:block\"><div class=\"card-body\"><p>Pro hosty jsou v ubytov\u00e1n\u00ed Penzion Na barokn\u00ed cest\u011b k dispozici tyto mo\u017enosti parkov\u00e1n\u00ed (v z\u00e1vislosti na dostupnosti):<\/p><p>\u00a0<\/p><ul><li>Soukrom\u00e9 parkovi\u0161t\u011b<\/li><li>Parkovi\u0161t\u011b<\/li><li>Parkov\u00e1n\u00ed na ulici<\/li><li>Parkov\u00e1n\u00ed zdarma<\/li><\/ul><\/div><\/div>\n            <\/div><div class=\"card-wrapper \">\n                <div class=\"card-header\">\n                    <a href=\"#expand-e6c40ee\" class=\"card-header-button\" aria-expanded=\"false\" data-target=\"#expand-e6c40ee\" aria-controls=\"expand-e6c40ee\">\n                        <div class=\"left-icon-group\">\n                <div class=\"normal-icon\"><i aria-hidden=\"true\" class=\"fas fa-chevron-right\"><\/i><\/div>\n                <div class=\"active-icon\"><i aria-hidden=\"true\" class=\"fas fa-chevron-up\"><\/i><\/div>\n            <\/div><span class=\"title\">Kolik lo\u017enic je v objektu?<\/span>\n                    <\/a>\n                <\/div>\n                <div class=\"card-expand\" id=\"expand-e6c40ee\" style=\"display:none\"><div class=\"card-body\"><p>V ubytov\u00e1n\u00ed Penzion Na barokn\u00ed cest\u011b je k dispozici n\u00e1sleduj\u00edc\u00ed po\u010det lo\u017enic:<\/p><p>\u00a0<\/p><ul><li>1 lo\u017enici<\/li><\/ul><\/div><\/div>\n            <\/div><div class=\"card-wrapper \">\n                <div class=\"card-header\">\n                    <a href=\"#expand-2d2b0db\" class=\"card-header-button\" aria-expanded=\"false\" data-target=\"#expand-2d2b0db\" aria-controls=\"expand-2d2b0db\">\n                        <div class=\"left-icon-group\">\n                <div class=\"normal-icon\"><i aria-hidden=\"true\" class=\"fas fa-chevron-right\"><\/i><\/div>\n                <div class=\"active-icon\"><i aria-hidden=\"true\" class=\"fas fa-chevron-up\"><\/i><\/div>\n            <\/div><span class=\"title\">Kolik lid\u00ed je mo\u017en\u00e9 ubytovat?<\/span>\n                    <\/a>\n                <\/div>\n                <div class=\"card-expand\" id=\"expand-2d2b0db\" style=\"display:none\"><div class=\"card-body\"><p>V ubytov\u00e1n\u00ed Penzion Na barokn\u00ed cest\u011b se mohou ubytovat:<\/p><p>\u00a0<\/p><ul><li>4 host\u00e9<\/li><\/ul><\/div><\/div>\n            <\/div><\/div>\t\t<\/div>\n\t\t\t\t<\/div>\n\t\t\t\t\t<\/div>\n\t\t<\/div>\n\t\t\t\t\t\t\t<\/div>\n\t\t<\/section>\n\t\t\t\t\t<\/div>\n\t\t<\/div>\n\t\t\t\t\t\t\t<\/div>\n\t\t<\/section>\n\t\t\t\t\t\t<\/div>\n\t\t\t\t\t<\/div>\n\t\t","protected":false},"excerpt":{"rendered":"<p>FAQ Na Va\u0161e nej\u010dast\u011bj\u0161\u00ed dotazy, jsme se sna\u017eili n\u00ed\u017ee odpov\u011bd\u011bt. Pokud m\u00e1te jin\u00fd dotaz, kontaktujte n\u00e1s. Co se d\u00e1 v v okol\u00ed d\u011blat? Ubytov\u00e1n\u00ed Penzion Na barokn\u00ed cest\u011b nab\u00edz\u00ed n\u00e1sleduj\u00edc\u00ed aktivity\/slu\u017eby (mohou b\u00fdt za poplatek): \u00a0 Sauna Cyklistika P\u011b\u0161\u00ed turistika D\u011btsk\u00e9 h\u0159i\u0161t\u011b Stoln\u00ed tenis Tenisov\u00fd kurt Je ubytov\u00e1n\u00ed vhodn\u00e9 pro rodiny? Ano, ubytov\u00e1n\u00ed Penzion Na [&hellip;]<\/p>\n","protected":false},"author":1,"featured_media":0,"parent":0,"menu_order":0,"comment_status":"closed","ping_status":"closed","template":"elementor_header_footer","meta":[],"_links":{"self":[{"href":"https:\/\/www.penzionnabarokniceste.cz\/index.php\/wp-json\/wp\/v2\/pages\/275"}],"collection":[{"href":"https:\/\/www.penzionnabarokniceste.cz\/index.php\/wp-json\/wp\/v2\/pages"}],"about":[{"href":"https:\/\/www.penzionnabarokniceste.cz\/index.php\/wp-json\/wp\/v2\/types\/page"}],"author":[{"embeddable":true,"href":"https:\/\/www.penzionnabarokniceste.cz\/index.php\/wp-json\/wp\/v2\/users\/1"}],"replies":[{"embeddable":true,"href":"https:\/\/www.penzionnabarokniceste.cz\/index.php\/wp-json\/wp\/v2\/comments?post=275"}],"version-history":[{"count":7,"href":"https:\/\/www.penzionnabarokniceste.cz\/index.php\/wp-json\/wp\/v2\/pages\/275\/revisions"}],"predecessor-version":[{"id":286,"href":"https:\/\/www.penzionnabarokniceste.cz\/index.php\/wp-json\/wp\/v2\/pages\/275\/revisions\/286"}],"wp:attachment":[{"href":"https:\/\/www.penzionnabarokniceste.cz\/index.php\/wp-json\/wp\/v2\/media?parent=275"}],"curies":[{"name":"wp","href":"https:\/\/api.w.org\/{rel}","templated":true}]}}